{"id":18160,"date":"2022-04-27T11:19:06","date_gmt":"2022-04-27T11:19:06","guid":{"rendered":"https:\/\/www.olivia.es\/oliviaappsource\/?page_id=18160"},"modified":"2022-04-27T11:19:48","modified_gmt":"2022-04-27T11:19:48","slug":"politica-de-privacidad","status":"publish","type":"page","link":"https:\/\/olivia.es\/oliviaappsource\/politica-de-privacidad\/","title":{"rendered":"Pol\u00edtica de privacidad"},"content":{"rendered":"\t\t<div data-elementor-type=\"wp-page\" data-elementor-id=\"18160\" class=\"elementor elementor-18160\" data-elementor-post-type=\"page\">\n\t\t\t\t\t\t<section class=\"elementor-section elementor-top-section elementor-element elementor-element-598507b elementor-section-boxed elementor-section-gap-beside-yes elementor-section-height-default elementor-section-height-default elementor-section-content-align-center elementor-section-column-vertical-align-stretch\" data-id=\"598507b\" data-element_type=\"section\">\n\t\t\t\t\t\t<div class=\"elementor-container elementor-column-gap-extended\">\n\t\t\t\t\t<div class=\"elementor-column elementor-col-100 elementor-top-column elementor-element elementor-element-8811a86\" data-id=\"8811a86\" data-element_type=\"column\">\n\t\t\t<div class=\"elementor-widget-wrap elementor-element-populated\">\n\t\t\t\t\t\t<div class=\"elementor-element elementor-element-3396012 elementor-widget elementor-widget-heading\" data-id=\"3396012\" data-element_type=\"widget\" data-widget_type=\"heading.default\">\n\t\t\t\t<div class=\"elementor-widget-container\">\n\t\t\t\t\t<h2 class=\"elementor-heading-title elementor-size-default\">Pol\u00edtica de privacidad<\/h2>\t\t\t\t<\/div>\n\t\t\t\t<\/div>\n\t\t\t\t\t<\/div>\n\t\t<\/div>\n\t\t\t\t\t<\/div>\n\t\t<\/section>\n\t\t\t\t<section class=\"elementor-section elementor-top-section elementor-element elementor-element-96a349c elementor-section-boxed elementor-section-gap-beside-yes elementor-section-height-default elementor-section-height-default elementor-section-content-align-center elementor-section-column-vertical-align-stretch\" data-id=\"96a349c\" data-element_type=\"section\">\n\t\t\t\t\t\t<div class=\"elementor-container elementor-column-gap-extended\">\n\t\t\t\t\t<div class=\"elementor-column elementor-col-100 elementor-top-column elementor-element elementor-element-742d92a\" data-id=\"742d92a\" data-element_type=\"column\">\n\t\t\t<div class=\"elementor-widget-wrap elementor-element-populated\">\n\t\t\t\t\t\t<div class=\"elementor-element elementor-element-f06f74e elementor-widget elementor-widget-text-editor\" data-id=\"f06f74e\" data-element_type=\"widget\" data-widget_type=\"text-editor.default\">\n\t\t\t\t<div class=\"elementor-widget-container\">\n\t\t\t\t\t\t\t\t\t<h5><strong>\u00bfQui\u00e9n es el responsable del tratamiento de vuestros datos?<\/strong><\/h5><p>Identidad: OLIVIA SISTEMAS, S.L.<\/p><p>Direcci\u00f3n: Av. Diagonal, 441, Planta 3<\/p><p>08036 -Barcelona<\/p><p>Tel\u00e9fono: 932380132<\/p><p>Correo electr\u00f3nico:\u00a0<a href=\"mailto:hola@olivia.es\">rgpd@olivia.es<\/a><\/p><h5><strong>\u00bfCon qu\u00e9 finalidad se tratar\u00e1n los datos?<\/strong><\/h5><p><strong>\u00a0<\/strong>OLIVIA SISTEMAS, S.L. trata la informaci\u00f3n que nos facilit\u00e1is las personas interesadas con la finalidad de prestar el servicio e informar de nuestra actividad. Con vuestros datos, no elaboraremos perfiles comerciales ni tomaremos decisiones automatizadas sobre la base de vuestros datos.<\/p><h5><strong>\u00a0<\/strong><strong>\u00bfCu\u00e1nto tiempo conservaremos los datos? <\/strong><\/h5><p>Los datos personales que nos proporcion\u00e9is se conservar\u00e1n mientras se mantenga la relaci\u00f3n entre ambas partes, durante el plazo de prescripci\u00f3n de las obligaciones legales, o hasta que nos solicit\u00e9is la supresi\u00f3n de los mismos.<\/p><p>Una vez pasados estos plazos, los datos ser\u00e1n eliminados por borrado electr\u00f3nico y, los datos en formato papel, por destrucci\u00f3n en m\u00e1quina destructora.<\/p><h5><strong>\u00bfCu\u00e1l es la legitimaci\u00f3n para el tratamiento de vuestros datos?<\/strong><\/h5><p><strong>\u00a0<\/strong>La base legal para el tratamiento de vuestros datos es:<\/p><ul><li>ejecuci\u00f3n de un contrato, para los clientes y proveedores;<\/li><li>consentimiento expreso obtenido del propio interesado, para los clientes;<\/li><li>inter\u00e9s leg\u00edtimo del responsable del tratamiento<em>,<\/em> para los que solicitan informaci\u00f3n o los antiguos clientes.<\/li><\/ul><h5><strong>\u00bfA qu\u00e9 destinatarios se comunicar\u00e1n vuestros datos?<\/strong><\/h5><p><strong>\u00a0<\/strong>Los datos personales no se comunicar\u00e1n a ninguna empresa ni se utilitzar\u00e1n para ninguna otra finalidad, excepto que nos lo autoric\u00e9is de forma expresa o cuando sea\u00a0necesario para cumplir con una obligaci\u00f3n legal o en inter\u00e9s leg\u00edtimo del Responsable.<\/p><h5><strong>\u00bfCu\u00e1les son vuestros derechos?<\/strong><strong>\u00a0<\/strong><\/h5><ul><li>Cualquier persona tiene derecho a obtener informaci\u00f3n de esta empresa sobre si estamos tratando datos personales de ella o no.<\/li><li>Las personas interesadas tienen derecho a acceder a sus datos personales, as\u00ed como a solicitar la rectificaci\u00f3n de los datos que sean inexactos o, si procede, solicitar la supresi\u00f3n, entre otros motivos, cuando los datos ya no sean necesarios para las finalidades para las que fueron recogidas.<\/li><li>En determinadas circunstancias previstas en el art\u00edculo 18 del RGPD, los interesados pueden solicitar la limitaci\u00f3n del tratamiento de sus datos. En este caso, \u00fanicamente se conservar\u00e1n para ejercer o defender reclamaciones.<\/li><li>Los interesados pueden oponerse al tratamiento de sus datos con finalidades de marketing o publicidad, incluido la elaboraci\u00f3n de perfiles.<\/li><li>En virtud del derecho a la portabilidad, los interesados tambi\u00e9n tienen derecho a obtener sus datos personales en un formato estructurado de uso com\u00fan y lectura mec\u00e1nica y a transmitirlos a otro responsable o empresa.<\/li><\/ul><h5><strong>\u00bfComo se pueden ejercer estos derechos?<\/strong><\/h5><ul><li>Mediante un escrito dirigido a:<\/li><\/ul><p>OLIVIA SISTEMAS, S.L.<\/p><p>Av. Diagonal, 441, Planta 3<\/p><p>(0806) Barcelona.<\/p><ul><li>Mediante el formulario electr\u00f3nico disponible en:<\/li><\/ul><p><a href=\"https:\/\/www.olivia.es\/contacto\/\">https:\/\/www.olivia.es\/contacto\/<\/a><\/p><ul><li>Mediante petici\u00f3n enviada al mail:<\/li><\/ul><p><a href=\"mailto:rgpd@olivia.es\">rgpd@olivia.es<\/a><\/p><h5><strong>\u00bfQu\u00e9 v\u00edas de reclamaci\u00f3n hay?<\/strong><\/h5><p>Si consider\u00e1is que vuestros derechos no han sido atendidos adecuadamente, ten\u00e9is derecho a presentar una reclamaci\u00f3n ante la <em>Agencia Espa\u00f1ola de Protecci\u00f3n de Datos<\/em> (AEPD) \u201c.<\/p><h5><strong>Microsoft Appsource<\/strong><\/h5><p><a href=\"https:\/\/appsource.microsoft.com\/\" target=\"_blank\" rel=\"noopener\">Microsoft AppSource<\/a>\u00a0es la tienda de aplicaciones de gesti\u00f3n empresarial desarrolladas por los partners de Microsoft para el ecosistema de Dynamics 365. Son soluciones testadas y aprobadas por Microsoft Corporation para ser desplegadas en SaaS (Software como Servicio), en r\u00e9gimen de suscripci\u00f3n, a trav\u00e9s de su propia infraestructura y directivas de seguridad y actualizaci\u00f3n permanente.<\/p><p>En el proceso de aprovisionamiento, despliegue, facturaci\u00f3n y soporte, los datos del cliente (empresa suscriptora del servicio) ser\u00e1n comunicados de forma segura y consentida a los proveedores necesarios para el despliegue y funcionamiento de la aplicaci\u00f3n. En todo caso, Olivia Sistemas S.L. ser\u00e1\u00a0 el Responsable de Tratamiento de los datos personales y velar\u00e1 por su cumplimiento de acuerdo con el principio de legitimidad expuesto en este aviso legal.<\/p><p><em>Microsoft AppSource is the store of business applications developed by Microsoft partners for the Dynamics 365 ecosystem. It contains solutions tested and approved by Microsoft Corporation intended to be deployed in SaaS model (Software as a Service), on a subscription basis, through Microsoft\u2019s infrastructure, security policies and permanent updates.<br \/>In the process of provisioning, deployment, billing and support of our add-on solutions, customer\u2019s personal data will be communicated in a secure and consensual way to those suppliers in charge of the service provisioning and service updates. In any case, Olivia Sistemas S.L. will be the Responsible for the Treatment of personal data and will ensure its compliance in accordance with the principle of legitimacy set out in this legal notice.<\/em><\/p>\t\t\t\t\t\t\t\t<\/div>\n\t\t\t\t<\/div>\n\t\t\t\t\t<\/div>\n\t\t<\/div>\n\t\t\t\t\t<\/div>\n\t\t<\/section>\n\t\t\t\t<\/div>\n\t\t","protected":false},"excerpt":{"rendered":"<p>Pol\u00edtica de privacidad \u00bfQui\u00e9n es el responsable del tratamiento de vuestros datos? Identidad: OLIVIA SISTEMAS, S.L. Direcci\u00f3n: Av. Diagonal, 441, Planta 3 08036 -Barcelona Tel\u00e9fono: 932380132 Correo electr\u00f3nico:\u00a0rgpd@olivia.es \u00bfCon qu\u00e9 finalidad se tratar\u00e1n los datos? \u00a0OLIVIA SISTEMAS, S.L. trata la informaci\u00f3n que nos facilit\u00e1is las personas interesadas con la finalidad de prestar el servicio e [&hellip;]<\/p>\n","protected":false},"author":1,"featured_media":0,"parent":0,"menu_order":0,"comment_status":"closed","ping_status":"closed","template":"","meta":{"_acf_changed":false,"inline_featured_image":false,"footnotes":""},"class_list":["post-18160","page","type-page","status-publish","hentry","post-no-thumbnail"],"acf":[],"_links":{"self":[{"href":"https:\/\/olivia.es\/oliviaappsource\/wp-json\/wp\/v2\/pages\/18160","targetHints":{"allow":["GET"]}}],"collection":[{"href":"https:\/\/olivia.es\/oliviaappsource\/wp-json\/wp\/v2\/pages"}],"about":[{"href":"https:\/\/olivia.es\/oliviaappsource\/wp-json\/wp\/v2\/types\/page"}],"author":[{"embeddable":true,"href":"https:\/\/olivia.es\/oliviaappsource\/wp-json\/wp\/v2\/users\/1"}],"replies":[{"embeddable":true,"href":"https:\/\/olivia.es\/oliviaappsource\/wp-json\/wp\/v2\/comments?post=18160"}],"version-history":[{"count":4,"href":"https:\/\/olivia.es\/oliviaappsource\/wp-json\/wp\/v2\/pages\/18160\/revisions"}],"predecessor-version":[{"id":18164,"href":"https:\/\/olivia.es\/oliviaappsource\/wp-json\/wp\/v2\/pages\/18160\/revisions\/18164"}],"wp:attachment":[{"href":"https:\/\/olivia.es\/oliviaappsource\/wp-json\/wp\/v2\/media?parent=18160"}],"curies":[{"name":"wp","href":"https:\/\/api.w.org\/{rel}","templated":true}]}}