{"id":19974,"date":"2022-06-09T13:31:51","date_gmt":"2022-06-09T13:31:51","guid":{"rendered":"https:\/\/www.olivia.es\/oliviaappsource\/?post_type=product&#038;p=19974"},"modified":"2022-10-13T08:28:52","modified_gmt":"2022-10-13T08:28:52","slug":"outils-jobs-mobile","status":"publish","type":"product","link":"https:\/\/olivia.es\/oliviaappsource\/app\/outils-jobs-mobile\/","title":{"rendered":"Outils Jobs Mobile"},"content":{"rendered":"\t\t<div data-elementor-type=\"product-post\" data-elementor-id=\"19974\" class=\"elementor elementor-19974\" data-elementor-post-type=\"product\">\n\t\t\t\t\t\t<section class=\"elementor-section elementor-top-section elementor-element elementor-element-2fb6c8c elementor-section-boxed elementor-section-gap-beside-yes elementor-section-height-default elementor-section-height-default elementor-section-content-align-center elementor-section-column-vertical-align-stretch\" data-id=\"2fb6c8c\" data-element_type=\"section\">\n\t\t\t\t\t\t<div class=\"elementor-container elementor-column-gap-extended\">\n\t\t\t\t\t<div class=\"elementor-column elementor-col-33 elementor-top-column elementor-element elementor-element-387bc70\" data-id=\"387bc70\" data-element_type=\"column\">\n\t\t\t<div class=\"elementor-widget-wrap elementor-element-populated\">\n\t\t\t\t\t\t<div class=\"elementor-element elementor-element-3c5b86f elementor-widget elementor-widget-image\" data-id=\"3c5b86f\" data-element_type=\"widget\" data-widget_type=\"image.default\">\n\t\t\t\t<div class=\"elementor-widget-container\">\n\t\t\t\t\t\t\t\t\t\t\t\t\t\t\t<img fetchpriority=\"high\" decoding=\"async\" width=\"512\" height=\"512\" src=\"https:\/\/olivia.es\/oliviaappsource\/wp-content\/uploads\/2022\/06\/MobileTimeSheets-1.png\" class=\"attachment-large size-large wp-image-19975\" alt=\"\" srcset=\"https:\/\/olivia.es\/oliviaappsource\/wp-content\/uploads\/2022\/06\/MobileTimeSheets-1.png 512w, https:\/\/olivia.es\/oliviaappsource\/wp-content\/uploads\/2022\/06\/MobileTimeSheets-1-300x300.png 300w, https:\/\/olivia.es\/oliviaappsource\/wp-content\/uploads\/2022\/06\/MobileTimeSheets-1-150x150.png 150w, https:\/\/olivia.es\/oliviaappsource\/wp-content\/uploads\/2022\/06\/MobileTimeSheets-1-120x120.png 120w\" sizes=\"(max-width: 512px) 100vw, 512px\" \/>\t\t\t\t\t\t\t\t\t\t\t\t\t\t\t<\/div>\n\t\t\t\t<\/div>\n\t\t\t\t<div class=\"elementor-element elementor-element-d85f7dc elementor-widget elementor-widget-menu-anchor\" data-id=\"d85f7dc\" data-element_type=\"widget\" data-widget_type=\"menu-anchor.default\">\n\t\t\t\t<div class=\"elementor-widget-container\">\n\t\t\t\t\t\t\t<div class=\"elementor-menu-anchor\" id=\"form\"><\/div>\n\t\t\t\t\t\t<\/div>\n\t\t\t\t<\/div>\n\t\t\t\t\t<\/div>\n\t\t<\/div>\n\t\t\t\t<div class=\"elementor-column elementor-col-66 elementor-top-column elementor-element elementor-element-7c51bba\" data-id=\"7c51bba\" data-element_type=\"column\">\n\t\t\t<div class=\"elementor-widget-wrap elementor-element-populated\">\n\t\t\t\t\t\t<div class=\"elementor-element elementor-element-e838be5 elementor-widget elementor-widget-woocommerce-product-title elementor-page-title elementor-widget-heading\" data-id=\"e838be5\" data-element_type=\"widget\" data-widget_type=\"woocommerce-product-title.default\">\n\t\t\t\t<div class=\"elementor-widget-container\">\n\t\t\t\t\t<h1 class=\"product_title entry-title elementor-heading-title elementor-size-default\">Outils Jobs Mobile<\/h1>\t\t\t\t<\/div>\n\t\t\t\t<\/div>\n\t\t\t\t<div class=\"elementor-element elementor-element-4c916e9 elementor-widget elementor-widget-woocommerce-product-short-description\" data-id=\"4c916e9\" data-element_type=\"widget\" data-widget_type=\"woocommerce-product-short-description.default\">\n\t\t\t\t<div class=\"elementor-widget-container\">\n\t\t\t\t\t<div class=\"woocommerce-product-details__short-description\">\n\t<p><span data-contrast=\"auto\">La aplicaci\u00f3n para m\u00f3viles OJOBS Mobile es el mejor complemento de <a href=\"https:\/\/olivia.es\/oliviaappsource\/app\/olivia-jobs\/\" target=\"_blank\" rel=\"noopener\">Olivia Jobs. <\/a><\/span><span data-contrast=\"auto\">Con Olivia Jobs Mobile podr\u00e1s imputar los tiempos que hayas dedicado a las tareas de los proyectos de los cuales has sido asignado desde cualquier dispositivo m\u00f3vil o tableta.\u00a0<\/span><\/p>\n<p>Desde cualquier lugar podr\u00e1s realizar la imputaci\u00f3n de horas sin necesidad de abrir Business Central. C\u00f3modamente desde la app, de una manera muy intuitiva podr\u00e1s r\u00e1pidamente reportar las horas de todos los proyectos en los que est\u00e1s involucrado.<\/p>\n<p><span data-contrast=\"auto\">Es un producto totalmente vivo y que va ampliando su funcionalidad a medida que vamos detectando nuevas necesidades y <\/span><span data-contrast=\"auto\">\u00e9stas<\/span><span data-contrast=\"auto\"> se incorporan en los cambios de versi\u00f3n.\u00a0<\/span><span data-ccp-props=\"{&quot;201341983&quot;:0,&quot;335551550&quot;:6,&quot;335551620&quot;:6,&quot;335559739&quot;:160,&quot;335559740&quot;:259}\">\u00a0<\/span><\/p>\n<\/div>\n\t\t\t\t<\/div>\n\t\t\t\t<\/div>\n\t\t\t\t<div class=\"elementor-element elementor-element-586c6a5 elementor-widget elementor-widget-button\" data-id=\"586c6a5\" data-element_type=\"widget\" data-widget_type=\"button.default\">\n\t\t\t\t<div class=\"elementor-widget-container\">\n\t\t\t\t\t\t\t\t\t<div class=\"elementor-button-wrapper\">\n\t\t\t\t\t<a class=\"elementor-button elementor-button-link elementor-size-sm\" href=\"#form\">\n\t\t\t\t\t\t<span class=\"elementor-button-content-wrapper\">\n\t\t\t\t\t\t\t\t\t<span class=\"elementor-button-text\">Solicitar informaci\u00f3n<\/span>\n\t\t\t\t\t<\/span>\n\t\t\t\t\t<\/a>\n\t\t\t\t<\/div>\n\t\t\t\t\t\t\t\t<\/div>\n\t\t\t\t<\/div>\n\t\t\t\t\t<\/div>\n\t\t<\/div>\n\t\t\t\t\t<\/div>\n\t\t<\/section>\n\t\t\t\t<section class=\"elementor-section elementor-top-section elementor-element elementor-element-24e738db elementor-section-boxed elementor-section-gap-beside-yes elementor-section-height-default elementor-section-height-default elementor-section-content-align-center elementor-section-column-vertical-align-stretch\" data-id=\"24e738db\" data-element_type=\"section\" data-settings=\"{&quot;background_background&quot;:&quot;classic&quot;}\">\n\t\t\t\t\t\t<div class=\"elementor-container elementor-column-gap-extended\">\n\t\t\t\t\t<div class=\"elementor-column elementor-col-50 elementor-top-column elementor-element elementor-element-d905c68\" data-id=\"d905c68\" data-element_type=\"column\">\n\t\t\t<div class=\"elementor-widget-wrap elementor-element-populated\">\n\t\t\t\t\t\t<div class=\"elementor-element elementor-element-e4d97d4 elementor-widget elementor-widget-menu-anchor\" data-id=\"e4d97d4\" data-element_type=\"widget\" data-widget_type=\"menu-anchor.default\">\n\t\t\t\t<div class=\"elementor-widget-container\">\n\t\t\t\t\t\t\t<div class=\"elementor-menu-anchor\" id=\"form\"><\/div>\n\t\t\t\t\t\t<\/div>\n\t\t\t\t<\/div>\n\t\t\t\t<div class=\"elementor-element elementor-element-18a4f76f elementor-widget elementor-widget-heading\" data-id=\"18a4f76f\" data-element_type=\"widget\" data-widget_type=\"heading.default\">\n\t\t\t\t<div class=\"elementor-widget-container\">\n\t\t\t\t\t<h5 class=\"elementor-heading-title elementor-size-default\">\u00bfQuieres m\u00e1s informaci\u00f3n?<\/h5>\t\t\t\t<\/div>\n\t\t\t\t<\/div>\n\t\t\t\t<div class=\"elementor-element elementor-element-775c77e1 elementor-widget elementor-widget-heading\" data-id=\"775c77e1\" data-element_type=\"widget\" data-widget_type=\"heading.default\">\n\t\t\t\t<div class=\"elementor-widget-container\">\n\t\t\t\t\t<h5 class=\"elementor-heading-title elementor-size-default\">Rellena el formulario y te informamos<\/h5>\t\t\t\t<\/div>\n\t\t\t\t<\/div>\n\t\t\t\t<div class=\"elementor-element elementor-element-14e583b1 elementor-widget elementor-widget-image\" data-id=\"14e583b1\" data-element_type=\"widget\" data-widget_type=\"image.default\">\n\t\t\t\t<div class=\"elementor-widget-container\">\n\t\t\t\t\t\t\t\t\t\t\t\t\t\t\t<img decoding=\"async\" width=\"1\" height=\"1\" src=\"https:\/\/olivia.es\/oliviaappsource\/wp-content\/uploads\/2022\/10\/Product-presentation-bro.svg\" class=\"attachment-full size-full wp-image-20351\" alt=\"\" \/>\t\t\t\t\t\t\t\t\t\t\t\t\t\t\t<\/div>\n\t\t\t\t<\/div>\n\t\t\t\t\t<\/div>\n\t\t<\/div>\n\t\t\t\t<div class=\"elementor-column elementor-col-50 elementor-top-column elementor-element elementor-element-3ad96be3\" data-id=\"3ad96be3\" data-element_type=\"column\">\n\t\t\t<div class=\"elementor-widget-wrap elementor-element-populated\">\n\t\t\t\t\t\t<div class=\"elementor-element elementor-element-66a59cb7 elementor-widget elementor-widget-wpforms\" data-id=\"66a59cb7\" data-element_type=\"widget\" data-widget_type=\"wpforms.default\">\n\t\t\t\t<div class=\"elementor-widget-container\">\n\t\t\t\t\t<div class=\"wpforms-container wpforms-container-full\" id=\"wpforms-17852\"><form id=\"wpforms-form-17852\" class=\"wpforms-validate wpforms-form wpforms-ajax-form\" data-formid=\"17852\" method=\"post\" enctype=\"multipart\/form-data\" action=\"\/oliviaappsource\/wp-json\/wp\/v2\/product\/19974\" data-token=\"bbdcebab882add8bc6a1ef659ecf8eb4\" data-token-time=\"1778674417\"><noscript class=\"wpforms-error-noscript\">Por favor, activa JavaScript en tu navegador para completar este formulario.<\/noscript><div class=\"wpforms-field-container\"><div id=\"wpforms-17852-field_1-container\" class=\"wpforms-field wpforms-field-name\" data-field-id=\"1\"><label class=\"wpforms-field-label\">Nombre <span class=\"wpforms-required-label\">*<\/span><\/label><div class=\"wpforms-field-row wpforms-field-medium\"><div class=\"wpforms-field-row-block wpforms-first wpforms-one-half\"><input type=\"text\" id=\"wpforms-17852-field_1\" class=\"wpforms-field-name-first wpforms-field-required\" name=\"wpforms[fields][1][first]\" required><label for=\"wpforms-17852-field_1\" class=\"wpforms-field-sublabel after\">Nombre<\/label><\/div><div class=\"wpforms-field-row-block wpforms-one-half\"><input type=\"text\" id=\"wpforms-17852-field_1-last\" class=\"wpforms-field-name-last wpforms-field-required\" name=\"wpforms[fields][1][last]\" required><label for=\"wpforms-17852-field_1-last\" class=\"wpforms-field-sublabel after\">Apellidos<\/label><\/div><\/div><\/div><div id=\"wpforms-17852-field_2-container\" class=\"wpforms-field wpforms-field-email\" data-field-id=\"2\"><label class=\"wpforms-field-label\" for=\"wpforms-17852-field_2\">Correo electr\u00f3nico <span class=\"wpforms-required-label\">*<\/span><\/label><input type=\"email\" id=\"wpforms-17852-field_2\" class=\"wpforms-field-medium wpforms-field-required\" name=\"wpforms[fields][2]\" spellcheck=\"false\" required><\/div><div id=\"wpforms-17852-field_3-container\" class=\"wpforms-field wpforms-field-number\" data-field-id=\"3\"><label class=\"wpforms-field-label\" for=\"wpforms-17852-field_3\">Tel\u00e9fono <span class=\"wpforms-required-label\">*<\/span><\/label><input type=\"number\" id=\"wpforms-17852-field_3\" class=\"wpforms-field-medium wpforms-field-required\" name=\"wpforms[fields][3]\" step=\"any\" required><\/div><div id=\"wpforms-17852-field_4-container\" class=\"wpforms-field wpforms-field-textarea\" data-field-id=\"4\"><label class=\"wpforms-field-label\" for=\"wpforms-17852-field_4\">Comentarios<\/label><textarea id=\"wpforms-17852-field_4\" class=\"wpforms-field-medium\" name=\"wpforms[fields][4]\" ><\/textarea><\/div><\/div><!-- .wpforms-field-container --><div class=\"wpforms-submit-container\" ><input type=\"hidden\" name=\"wpforms[id]\" value=\"17852\"><input type=\"hidden\" name=\"page_title\" value=\"\"><input type=\"hidden\" name=\"page_url\" value=\"https:\/\/olivia.es\/oliviaappsource\/wp-json\/wp\/v2\/product\/19974\"><input type=\"hidden\" name=\"url_referer\" value=\"\"><button type=\"submit\" name=\"wpforms[submit]\" id=\"wpforms-submit-17852\" class=\"wpforms-submit\" data-alt-text=\"Enviando...\" data-submit-text=\"Enviar\" aria-live=\"assertive\" value=\"wpforms-submit\">Enviar<\/button><img decoding=\"async\" src=\"https:\/\/olivia.es\/oliviaappsource\/wp-content\/plugins\/wpforms-lite\/assets\/images\/submit-spin.svg\" class=\"wpforms-submit-spinner\" style=\"display: none;\" width=\"26\" height=\"26\" alt=\"Cargando\"><\/div><\/form><\/div>  <!-- .wpforms-container -->\t\t\t\t<\/div>\n\t\t\t\t<\/div>\n\t\t\t\t\t<\/div>\n\t\t<\/div>\n\t\t\t\t\t<\/div>\n\t\t<\/section>\n\t\t\t\t<\/div>\n\t\t","protected":false},"excerpt":{"rendered":"<p><span data-contrast=\"auto\">La aplicaci\u00f3n para m\u00f3viles OJOBS Mobile es el mejor complemento de <a href=\"https:\/\/olivia.es\/oliviaappsource\/app\/olivia-jobs\/\" target=\"_blank\" rel=\"noopener\">Olivia Jobs. <\/a><\/span><span data-contrast=\"auto\">Con Olivia Jobs Mobile podr\u00e1s imputar los tiempos que hayas dedicado a las tareas de los proyectos de los cuales has sido asignado desde cualquier dispositivo m\u00f3vil o tableta.\u00a0<\/span><\/p>\n<p>Desde cualquier lugar podr\u00e1s realizar la imputaci\u00f3n de horas sin necesidad de abrir Business Central. C\u00f3modamente desde la app, de una manera muy intuitiva podr\u00e1s r\u00e1pidamente reportar las horas de todos los proyectos en los que est\u00e1s involucrado.<\/p>\n<p><span data-contrast=\"auto\">Es un producto totalmente vivo y que va ampliando su funcionalidad a medida que vamos detectando nuevas necesidades y <\/span><span data-contrast=\"auto\">\u00e9stas<\/span><span data-contrast=\"auto\"> se incorporan en los cambios de versi\u00f3n.\u00a0<\/span><span data-ccp-props=\"{&quot;201341983&quot;:0,&quot;335551550&quot;:6,&quot;335551620&quot;:6,&quot;335559739&quot;:160,&quot;335559740&quot;:259}\">\u00a0<\/span><\/p>\n","protected":false},"featured_media":19975,"comment_status":"open","ping_status":"closed","template":"elementor_header_footer","meta":{"_acf_changed":false,"inline_featured_image":false},"product_brand":[],"product_cat":[94],"product_tag":[],"class_list":{"0":"post-19974","1":"product","2":"type-product","3":"status-publish","4":"has-post-thumbnail","6":"product_cat-proyectos","8":"first","9":"instock","10":"shipping-taxable","11":"product-type-simple"},"acf":[],"_links":{"self":[{"href":"https:\/\/olivia.es\/oliviaappsource\/wp-json\/wp\/v2\/product\/19974","targetHints":{"allow":["GET"]}}],"collection":[{"href":"https:\/\/olivia.es\/oliviaappsource\/wp-json\/wp\/v2\/product"}],"about":[{"href":"https:\/\/olivia.es\/oliviaappsource\/wp-json\/wp\/v2\/types\/product"}],"replies":[{"embeddable":true,"href":"https:\/\/olivia.es\/oliviaappsource\/wp-json\/wp\/v2\/comments?post=19974"}],"version-history":[{"count":15,"href":"https:\/\/olivia.es\/oliviaappsource\/wp-json\/wp\/v2\/product\/19974\/revisions"}],"predecessor-version":[{"id":20366,"href":"https:\/\/olivia.es\/oliviaappsource\/wp-json\/wp\/v2\/product\/19974\/revisions\/20366"}],"wp:featuredmedia":[{"embeddable":true,"href":"https:\/\/olivia.es\/oliviaappsource\/wp-json\/wp\/v2\/media\/19975"}],"wp:attachment":[{"href":"https:\/\/olivia.es\/oliviaappsource\/wp-json\/wp\/v2\/media?parent=19974"}],"wp:term":[{"taxonomy":"product_brand","embeddable":true,"href":"https:\/\/olivia.es\/oliviaappsource\/wp-json\/wp\/v2\/product_brand?post=19974"},{"taxonomy":"product_cat","embeddable":true,"href":"https:\/\/olivia.es\/oliviaappsource\/wp-json\/wp\/v2\/product_cat?post=19974"},{"taxonomy":"product_tag","embeddable":true,"href":"https:\/\/olivia.es\/oliviaappsource\/wp-json\/wp\/v2\/product_tag?post=19974"}],"curies":[{"name":"wp","href":"https:\/\/api.w.org\/{rel}","templated":true}]}}